
What is the hundreds digit of 523?
5
What is the units digit of 787?
7
What is the thousands digit of 33621?
3
What is the units digit of 4005?
5
What is the tens digit of 418?
1
What is the units digit of 3356?
6
What is the hundreds digit of 3546?
5
What is the thousands digit of 1553?
1
What is the hundreds digit of 9775?
7
What is the tens digit of 20239?
3
What is the tens digit of 2529?
2
What is the tens digit of 460?
6
What is the hundreds digit of 7297?
2
What is the hundreds digit of 9104?
1
What is the ten thousands digit of 60965?
6
What is the hundreds digit of 17335?
3
What is the hundreds digit of 35539?
5
What is the thousands digit of 1011?
1
What is the hundreds digit of 579?
5
What is the units digit of 17039?
9
What is the units digit of 2520?
0
What is the tens digit of 6474?
7
What is the units digit of 3246?
6
What is the units digit of 1943?
3
What is the hundreds digit of 1414?
4
What is the thousands digit of 1035?
1
What is the tens digit of 35786?
8
What is the units digit of 20877?
7
What is the tens digit of 185055?
5
What is the hundreds digit of 180265?
2
What is the tens digit of 61201?
0
What is the ten thousands digit of 22072?
2
What is the thousands digit of 8841?
8
What is the thousands digit of 79438?
9
What is the ten thousands digit of 58287?
5
What is the tens digit of 1050?
5
What is the thousands digit of 1106?
1
What is the hundreds digit of 10995?
9
What is the units digit of 2075?
5
What is the thousands digit of 4382?
4
What is the hundreds digit of 315?
3
What is the units digit of 20834?
4
What is the units digit of 46090?
0
What is the hundreds digit of 27313?
3
What is the tens digit of 317?
1
What is the ten thousands digit of 51859?
5
What is the thousands digit of 3841?
3
What is the units digit of 3119?
9
What is the tens digit of 2317?
1
What is the thousands digit of 2455?
2
What is the units digit of 2715?
5
What is the units digit of 1171?
1
What is the units digit of 32840?
0
What is the hundreds digit of 106867?
8
What is the thousands digit of 24723?
4
What is the hundreds digit of 423?
4
What is the hundreds digit of 61604?
6
What is the thousands digit of 3610?
3
What is the ten thousands digit of 99260?
9
What is the thousands digit of 3286?
3
What is the ten thousands digit of 91315?
9
What is the ten thousands digit of 12608?
1
What is the units digit of 545?
5
What is the thousands digit of 8801?
8
What is the units digit of 1533?
3
What is the hundreds digit of 77060?
0
What is the units digit of 7778?
8
What is the units digit of 2874?
4
What is the hundreds digit of 9974?
9
What is the units digit of 3519?
9
What is the thousands digit of 18103?
8
What is the tens digit of 2402?
0
What is the tens digit of 20801?
0
What is the thousands digit of 4573?
4
What is the hundreds digit of 253?
2
What is the units digit of 62532?
2
What is the hundreds digit of 2001?
0
What is the units digit of 67?
7
What is the tens digit of 687?
8
What is the tens digit of 2205?
0
What is the hundreds digit of 12685?
6
What is the hundreds digit of 2395?
3
What is the tens digit of 1182?
8
What is the hundreds digit of 89416?
4
What is the hundreds digit of 2371?
3
What is the units digit of 427?
7
What is the thousands digit of 3388?
3
What is the thousands digit of 54656?
4
What is the tens digit of 6155?
5
What is the hundreds digit of 12079?
0
What is the tens digit of 1498?
9
What is the units digit of 11596?
6
What is the ten thousands digit of 84553?
8
What is the units digit of 6701?
1
What is the tens digit of 6076?
7
What is the units digit of 1056?
6
What is the hundreds digit of 84202?
2
What is the tens digit of 258?
5
What is the tens digit of 449?
4
What is the hundreds digit of 13601?
6
What is the hundreds digit of 4338?
3
What is the units digit of 20226?
6
What is the units digit of 88871?
1
What is the ten thousands digit of 12356?
1
What is the ten thousands digit of 29457?
2
What is the tens digit of 13095?
9
What is the thousands digit of 6150?
6
What is the tens digit of 10421?
2
What is the tens digit of 1299?
9
What is the hundreds digit of 236?
2
What is the tens digit of 3793?
9
What is the thousands digit of 1847?
1
What is the hundreds digit of 1170?
1
What is the units digit of 5465?
5
What is the units digit of 1080?
0
What is the units digit of 36309?
9
What is the hundreds digit of 59785?
7
What is the units digit of 4317?
7
What is the tens digit of 399?
9
What is the thousands digit of 39338?
9
What is the units digit of 430?
0
What is the units digit of 618?
8
What is the thousands digit of 2359?
2
What is the hundreds digit of 929?
9
What is the hundreds digit of 51342?
3
What is the thousands digit of 1979?
1
What is the units digit of 269?
9
What is the units digit of 7588?
8
What is the hundreds digit of 727?
7
What is the thousands digit of 2036?
2
What is the units digit of 1235?
5
What is the units digit of 5156?
6
What is the thousands digit of 62979?
2
What is the hundreds digit of 3876?
8
What is the hundreds digit of 184?
1
What is the hundreds digit of 18102?
1
What is the thousands digit of 11941?
1
What is the units digit of 2445?
5
What is the hundreds digit of 15242?
2
What is the units digit of 13308?
8
What is the units digit of 4039?
9
What is the hundreds digit of 110?
1
What is the hundreds digit of 5347?
3
What is the hundreds digit of 1721?
7
What is the hundreds digit of 7097?
0
What is the tens digit of 649?
4
What is the ten thousands digit of 16336?
1
What is the units digit of 1191?
1
What is the tens digit of 15089?
8
What is the hundreds digit of 1996?
9
What is the units digit of 14905?
5
What is the tens digit of 397?
9
What is the tens digit of 5183?
8
What is the hundreds digit of 235?
2
What is the units digit of 3989?
9
What is the units digit of 7860?
0
What is the thousands digit of 2406?
2
What is the ten thousands digit of 23440?
2
What is the tens digit of 765?
6
What is the tens digit of 461?
6
What is the units digit of 60902?
2
What is the tens digit of 1258?
5
What is the thousands digit of 1816?
1
What is the tens digit of 2365?
6
What is the tens digit of 11977?
7
What is the hundreds digit of 10592?
5
What is the tens digit of 5786?
8
What is the tens digit of 5720?
2
What is the thousands digit of 3963?
3
What is the tens digit of 3206?
0
What is the hundreds digit of 5077?
0
What is the units digit of 23946?
6
What is the ten thousands digit of 18087?
1
What is the units digit of 43190?
0
What is the hundreds digit of 137864?
8
What is the hundreds digit of 493?
4
What is the units digit of 988?
8
What is the tens digit of 3614?
1
What is the hundreds digit of 39651?
6
What is the thousands digit of 28087?
8
What is the tens digit of 30584?
8
What is the hundreds digit of 1336?
3
What is the units digit of 46412?
2
What is the tens digit of 1722?
2
What is the tens digit of 3973?
7
What is the units digit of 49293?
3
What is the hundreds digit of 1522?
5
What is the hundreds digit of 2196?
1
What is the hundreds digit of 7973?
9
What is the thousands digit of 4430?
4
What is the tens digit of 5478?
7
What is the ten thousands digit of 143961?
4
What is the tens digit of 5498?
9
What is the hundreds digit of 2876?
8
What is the tens digit of 174198?
9
What is the ten thousands digit of 49607?
4
What is the ten thousands digit of 22406?
2
What is the tens digit of 1566?
6
What is the hundreds digit of 10830?
8
What is the units digit of 9489?
9
What is the tens digit of 67175?
7
What is the hundreds digit of 2755?
7
What is the units digit of 744?
4
What is the units digit of 11993?
3
What is the tens digit of 1632?
3
What is the tens digit of 43509?
0
What is the hundred thousands digit of 102297?
1
What is the thousands digit of 1607?
1
What is the hundreds digit of 14464?
4
What is the thousands digit of 7105?
7
What is the ten thousands digit of 37955?
3
What is the ten thousands digit of 15137?
1
What is the units digit of 18982?
2
What is the hundreds digit of 43108?
1
What is the thousands digit of 191428?
1
What is the units digit of 14967?
7
What is the units digit of 145?
5
What is the hundreds digit of 2769?
7
What is the thousands digit of 18358?
8
What is the hundreds digit of 88930?
9
What 